{"id":160,"date":"2023-08-19T22:10:48","date_gmt":"2023-08-19T22:10:48","guid":{"rendered":"https:\/\/www.thtbiopro.com\/?page_id=160"},"modified":"2023-08-20T14:36:56","modified_gmt":"2023-08-20T14:36:56","slug":"mobilier-medical","status":"publish","type":"page","link":"https:\/\/www.thtbiopro.com\/?page_id=160","title":{"rendered":"Mobilier M\u00e9dical"},"content":{"rendered":"\n<h2 class=\"wp-block-heading\">CHARIOT D&rsquo;URGENCE<\/h2>\n\n\n\n<div class=\"wp-block-media-text is-stacked-on-mobile\"><figure class=\"wp-block-media-text__media\"><img decoding=\"async\" loading=\"lazy\" width=\"815\" height=\"450\" src=\"https:\/\/www.thtbiopro.com\/wp-content\/uploads\/2023\/08\/CHARIOT-DURGENCE.jpg\" alt=\"\" class=\"wp-image-173 size-full\" srcset=\"https:\/\/www.thtbiopro.com\/wp-content\/uploads\/2023\/08\/CHARIOT-DURGENCE.jpg 815w, https:\/\/www.thtbiopro.com\/wp-content\/uploads\/2023\/08\/CHARIOT-DURGENCE-300x166.jpg 300w, https:\/\/www.thtbiopro.com\/wp-content\/uploads\/2023\/08\/CHARIOT-DURGENCE-768x424.jpg 768w\" sizes=\"(max-width: 815px) 100vw, 815px\" \/><\/figure><div class=\"wp-block-media-text__content\">\n<p>Un chariot d&rsquo;urgence contenant tout le mat\u00e9riel n\u00e9cessaire \u00e0 la bonne prise en charge d&rsquo;une urgence vitale.<\/p>\n\n\n\n<div class=\"wp-block-buttons is-layout-flex wp-block-buttons-is-layout-flex\">\n<div class=\"wp-block-button\"><a class=\"wp-block-button__link wp-element-button\" href=\"https:\/\/www.thtbiopro.com\/?page_id=168\">Nous Contacter<\/a><\/div>\n<\/div>\n<\/div><\/div>\n\n\n\n<hr class=\"wp-block-separator has-alpha-channel-opacity\"\/>\n\n\n\n<h2 class=\"wp-block-heading\">CHARIOT DE M\u00c9DICAMENTS<\/h2>\n\n\n\n<div class=\"wp-block-media-text is-stacked-on-mobile\"><figure class=\"wp-block-media-text__media\"><img decoding=\"async\" loading=\"lazy\" width=\"815\" height=\"450\" src=\"https:\/\/www.thtbiopro.com\/wp-content\/uploads\/2023\/08\/CHARIOT-DE-MEDICAMENT.png\" alt=\"\" class=\"wp-image-174 size-full\" srcset=\"https:\/\/www.thtbiopro.com\/wp-content\/uploads\/2023\/08\/CHARIOT-DE-MEDICAMENT.png 815w, https:\/\/www.thtbiopro.com\/wp-content\/uploads\/2023\/08\/CHARIOT-DE-MEDICAMENT-300x166.png 300w, https:\/\/www.thtbiopro.com\/wp-content\/uploads\/2023\/08\/CHARIOT-DE-MEDICAMENT-768x424.png 768w\" sizes=\"(max-width: 815px) 100vw, 815px\" \/><\/figure><div class=\"wp-block-media-text__content\">\n<p>les chariots de m\u00e9dicaments jouent un r\u00f4le crucial dans la gestion et la distribution s\u00e9curis\u00e9e des m\u00e9dicaments dans les \u00e9tablissements de soins de sant\u00e9, contribuant ainsi \u00e0 une meilleure qualit\u00e9 des soins<\/p>\n\n\n\n<div class=\"wp-block-buttons is-layout-flex wp-block-buttons-is-layout-flex\">\n<div class=\"wp-block-button\"><a class=\"wp-block-button__link wp-element-button\" href=\"https:\/\/www.thtbiopro.com\/?page_id=168\">Nous Contacter<\/a><\/div>\n<\/div>\n<\/div><\/div>\n\n\n\n<hr class=\"wp-block-separator has-alpha-channel-opacity\"\/>\n\n\n\n<h2 class=\"wp-block-heading\">CHARIOT D&rsquo;ANESTHESIE<\/h2>\n\n\n\n<div class=\"wp-block-media-text is-stacked-on-mobile\"><figure class=\"wp-block-media-text__media\"><img decoding=\"async\" loading=\"lazy\" width=\"1000\" height=\"650\" src=\"https:\/\/www.thtbiopro.com\/wp-content\/uploads\/2023\/08\/CHARIOT-DANESTHESIE.jpg\" alt=\"\" class=\"wp-image-175 size-full\" srcset=\"https:\/\/www.thtbiopro.com\/wp-content\/uploads\/2023\/08\/CHARIOT-DANESTHESIE.jpg 1000w, https:\/\/www.thtbiopro.com\/wp-content\/uploads\/2023\/08\/CHARIOT-DANESTHESIE-300x195.jpg 300w, https:\/\/www.thtbiopro.com\/wp-content\/uploads\/2023\/08\/CHARIOT-DANESTHESIE-768x499.jpg 768w\" sizes=\"(max-width: 1000px) 100vw, 1000px\" \/><\/figure><div class=\"wp-block-media-text__content\">\n<p>Les chariots d&rsquo;anesth\u00e9sie jouent un r\u00f4le crucial dans la prestation de soins anesth\u00e9siques de haute qualit\u00e9, en fournissant aux professionnels de la sant\u00e9 les outils n\u00e9cessaires pour assurer la s\u00e9curit\u00e9 et le confort des patients pendant les interventions chirurgicales et les proc\u00e9dures m\u00e9dicales.<\/p>\n\n\n\n<div class=\"wp-block-buttons is-layout-flex wp-block-buttons-is-layout-flex\">\n<div class=\"wp-block-button\"><a class=\"wp-block-button__link wp-element-button\" href=\"https:\/\/www.thtbiopro.com\/?page_id=168\">Nous Contacter<\/a><\/div>\n<\/div>\n<\/div><\/div>\n\n\n\n<hr class=\"wp-block-separator has-alpha-channel-opacity\"\/>\n\n\n\n<h2 class=\"wp-block-heading\">LIT POUR SOIN INTENSIF<\/h2>\n\n\n\n<div class=\"wp-block-media-text is-stacked-on-mobile\"><figure class=\"wp-block-media-text__media\"><img decoding=\"async\" loading=\"lazy\" width=\"1000\" height=\"650\" src=\"https:\/\/www.thtbiopro.com\/wp-content\/uploads\/2023\/08\/lit-pour-soin-intensifs-3-moteurs.jpg\" alt=\"\" class=\"wp-image-176 size-full\" srcset=\"https:\/\/www.thtbiopro.com\/wp-content\/uploads\/2023\/08\/lit-pour-soin-intensifs-3-moteurs.jpg 1000w, https:\/\/www.thtbiopro.com\/wp-content\/uploads\/2023\/08\/lit-pour-soin-intensifs-3-moteurs-300x195.jpg 300w, https:\/\/www.thtbiopro.com\/wp-content\/uploads\/2023\/08\/lit-pour-soin-intensifs-3-moteurs-768x499.jpg 768w\" sizes=\"(max-width: 1000px) 100vw, 1000px\" \/><\/figure><div class=\"wp-block-media-text__content\">\n<p>les lits de soins intensifs jouent un r\u00f4le vital dans la prestation de soins m\u00e9dicaux critiques en fournissant un environnement s\u00fbr, ajustable et surveill\u00e9 pour les patients n\u00e9cessitant une attention m\u00e9dicale constante et approfondie.<\/p>\n\n\n\n<div class=\"wp-block-buttons is-layout-flex wp-block-buttons-is-layout-flex\">\n<div class=\"wp-block-button\"><a class=\"wp-block-button__link wp-element-button\" href=\"https:\/\/www.thtbiopro.com\/?page_id=168\">Nous Contacter<\/a><\/div>\n<\/div>\n<\/div><\/div>\n\n\n\n<hr class=\"wp-block-separator has-alpha-channel-opacity\"\/>\n\n\n\n<h2 class=\"wp-block-heading\">LIT D&rsquo;EXAMEN GYN\u00c9COLOGIQUE<\/h2>\n\n\n\n<div class=\"wp-block-media-text is-stacked-on-mobile\"><figure class=\"wp-block-media-text__media\"><img decoding=\"async\" loading=\"lazy\" width=\"1000\" height=\"650\" src=\"https:\/\/www.thtbiopro.com\/wp-content\/uploads\/2023\/08\/lit-dexamen-gynecologique3.jpg\" alt=\"\" class=\"wp-image-178 size-full\" srcset=\"https:\/\/www.thtbiopro.com\/wp-content\/uploads\/2023\/08\/lit-dexamen-gynecologique3.jpg 1000w, https:\/\/www.thtbiopro.com\/wp-content\/uploads\/2023\/08\/lit-dexamen-gynecologique3-300x195.jpg 300w, https:\/\/www.thtbiopro.com\/wp-content\/uploads\/2023\/08\/lit-dexamen-gynecologique3-768x499.jpg 768w\" sizes=\"(max-width: 1000px) 100vw, 1000px\" \/><\/figure><div class=\"wp-block-media-text__content\">\n<figure class=\"wp-block-image size-full\"><img decoding=\"async\" loading=\"lazy\" width=\"1000\" height=\"650\" src=\"https:\/\/www.thtbiopro.com\/wp-content\/uploads\/2023\/08\/lit-dexamen-gynecologique.jpg\" alt=\"\" class=\"wp-image-177\" srcset=\"https:\/\/www.thtbiopro.com\/wp-content\/uploads\/2023\/08\/lit-dexamen-gynecologique.jpg 1000w, https:\/\/www.thtbiopro.com\/wp-content\/uploads\/2023\/08\/lit-dexamen-gynecologique-300x195.jpg 300w, https:\/\/www.thtbiopro.com\/wp-content\/uploads\/2023\/08\/lit-dexamen-gynecologique-768x499.jpg 768w\" sizes=\"(max-width: 1000px) 100vw, 1000px\" \/><\/figure>\n<\/div><\/div>\n\n\n\n<p>les lits d&rsquo;examen gyn\u00e9cologique jouent un r\u00f4le essentiel dans les soins de sant\u00e9 f\u00e9minine en fournissant un environnement appropri\u00e9 pour les examens et les proc\u00e9dures gyn\u00e9cologiques, tout en garantissant le confort, la s\u00e9curit\u00e9 et la dignit\u00e9 des patientes.<\/p>\n\n\n\n<hr class=\"wp-block-separator has-alpha-channel-opacity\"\/>\n\n\n\n<div class=\"wp-block-buttons is-layout-flex wp-block-buttons-is-layout-flex\">\n<div class=\"wp-block-button\"><a class=\"wp-block-button__link wp-element-button\" href=\"https:\/\/www.thtbiopro.com\/?page_id=168\">Nous Contacter<\/a><\/div>\n<\/div>\n\n\n\n<h2 class=\"wp-block-heading\">LIT D&rsquo;ACCOUCHEMENT<\/h2>\n\n\n\n<div class=\"wp-block-media-text is-stacked-on-mobile\"><figure class=\"wp-block-media-text__media\"><img decoding=\"async\" loading=\"lazy\" width=\"719\" height=\"427\" src=\"https:\/\/www.thtbiopro.com\/wp-content\/uploads\/2023\/08\/Lit-daccouchement-MYS-923-Meyosis-electrique-_-a-hauteur-reglable-_-Trendelenburg3.webp\" alt=\"\" class=\"wp-image-180 size-full\" srcset=\"https:\/\/www.thtbiopro.com\/wp-content\/uploads\/2023\/08\/Lit-daccouchement-MYS-923-Meyosis-electrique-_-a-hauteur-reglable-_-Trendelenburg3.webp 719w, https:\/\/www.thtbiopro.com\/wp-content\/uploads\/2023\/08\/Lit-daccouchement-MYS-923-Meyosis-electrique-_-a-hauteur-reglable-_-Trendelenburg3-300x178.webp 300w\" sizes=\"(max-width: 719px) 100vw, 719px\" \/><\/figure><div class=\"wp-block-media-text__content\">\n<figure class=\"wp-block-image size-full is-resized\"><img decoding=\"async\" loading=\"lazy\" src=\"https:\/\/www.thtbiopro.com\/wp-content\/uploads\/2023\/08\/Lit-daccouchement-MYS-923-Meyosis-electrique-_-a-hauteur-reglable-_-Trendelenburg.webp\" alt=\"\" class=\"wp-image-179\" style=\"width:353px;height:353px\" width=\"353\" height=\"353\" srcset=\"https:\/\/www.thtbiopro.com\/wp-content\/uploads\/2023\/08\/Lit-daccouchement-MYS-923-Meyosis-electrique-_-a-hauteur-reglable-_-Trendelenburg.webp 591w, https:\/\/www.thtbiopro.com\/wp-content\/uploads\/2023\/08\/Lit-daccouchement-MYS-923-Meyosis-electrique-_-a-hauteur-reglable-_-Trendelenburg-300x300.webp 300w, https:\/\/www.thtbiopro.com\/wp-content\/uploads\/2023\/08\/Lit-daccouchement-MYS-923-Meyosis-electrique-_-a-hauteur-reglable-_-Trendelenburg-150x150.webp 150w\" sizes=\"(max-width: 353px) 100vw, 353px\" \/><\/figure>\n<\/div><\/div>\n\n\n\n<p>les lits d&rsquo;accouchement jouent un r\u00f4le essentiel dans la prestation de soins obst\u00e9triques en fournissant un espace confortable et s\u00fbr pour les m\u00e8res en travail et en facilitant le processus d&rsquo;accouchement, tout en assurant la s\u00e9curit\u00e9 et le confort \u00e0 la fois de la m\u00e8re et du nouveau-n\u00e9.<\/p>\n\n\n\n<div class=\"wp-block-buttons is-layout-flex wp-block-buttons-is-layout-flex\">\n<div class=\"wp-block-button\"><a class=\"wp-block-button__link wp-element-button\" href=\"https:\/\/www.thtbiopro.com\/?page_id=168\">Nous Contacter<\/a><\/div>\n<\/div>\n\n\n\n<hr class=\"wp-block-separator has-alpha-channel-opacity\"\/>\n\n\n\n<h2 class=\"wp-block-heading\">FAUTEUIL DE TRAITEMENT DE PATIENT<\/h2>\n\n\n\n<div class=\"wp-block-media-text is-stacked-on-mobile\"><figure class=\"wp-block-media-text__media\"><img decoding=\"async\" loading=\"lazy\" width=\"837\" height=\"837\" src=\"https:\/\/www.thtbiopro.com\/wp-content\/uploads\/2023\/08\/fauteuil-du-traitement-du-patient-electrique2.webp\" alt=\"\" class=\"wp-image-182 size-full\" srcset=\"https:\/\/www.thtbiopro.com\/wp-content\/uploads\/2023\/08\/fauteuil-du-traitement-du-patient-electrique2.webp 837w, https:\/\/www.thtbiopro.com\/wp-content\/uploads\/2023\/08\/fauteuil-du-traitement-du-patient-electrique2-300x300.webp 300w, https:\/\/www.thtbiopro.com\/wp-content\/uploads\/2023\/08\/fauteuil-du-traitement-du-patient-electrique2-150x150.webp 150w, https:\/\/www.thtbiopro.com\/wp-content\/uploads\/2023\/08\/fauteuil-du-traitement-du-patient-electrique2-768x768.webp 768w\" sizes=\"(max-width: 837px) 100vw, 837px\" \/><\/figure><div class=\"wp-block-media-text__content\">\n<figure class=\"wp-block-image size-full\"><img decoding=\"async\" loading=\"lazy\" width=\"456\" height=\"456\" src=\"https:\/\/www.thtbiopro.com\/wp-content\/uploads\/2023\/08\/fauteuil-du-traitement-du-patient-electrique.webp\" alt=\"\" class=\"wp-image-181\" srcset=\"https:\/\/www.thtbiopro.com\/wp-content\/uploads\/2023\/08\/fauteuil-du-traitement-du-patient-electrique.webp 456w, https:\/\/www.thtbiopro.com\/wp-content\/uploads\/2023\/08\/fauteuil-du-traitement-du-patient-electrique-300x300.webp 300w, https:\/\/www.thtbiopro.com\/wp-content\/uploads\/2023\/08\/fauteuil-du-traitement-du-patient-electrique-150x150.webp 150w\" sizes=\"(max-width: 456px) 100vw, 456px\" \/><\/figure>\n<\/div><\/div>\n\n\n\n<p>les fauteuils de traitement de patient jouent un r\u00f4le essentiel dans la prestation de soins m\u00e9dicaux en fournissant un espace confortable et pratique pour les patients lors des consultations, des examens et des traitements. Ils contribuent \u00e0 cr\u00e9er un environnement m\u00e9dical accueillant et respectueux pour les patients.<\/p>\n\n\n\n<div class=\"wp-block-buttons is-layout-flex wp-block-buttons-is-layout-flex\">\n<div class=\"wp-block-button\"><a class=\"wp-block-button__link wp-element-button\" href=\"https:\/\/www.thtbiopro.com\/?page_id=168\">Nous Contacter<\/a><\/div>\n<\/div>\n","protected":false},"excerpt":{"rendered":"<p>CHARIOT D&rsquo;URGENCE CHARIOT DE M\u00c9DICAMENTS CHARIOT D&rsquo;ANESTHESIE LIT POUR SOIN INTENSIF LIT D&rsquo;EXAMEN GYN\u00c9COLOGIQUE les lits d&rsquo;examen gyn\u00e9cologique jouent un r\u00f4le essentiel dans les soins de sant\u00e9 f\u00e9minine en fournissant un environnement appropri\u00e9 pour les examens et les proc\u00e9dures gyn\u00e9cologiques, tout en garantissant le confort, la s\u00e9curit\u00e9 et la dignit\u00e9 des patientes. LIT D&rsquo;ACCOUCHEMENT les [&hellip;]<\/p>\n","protected":false},"author":3,"featured_media":0,"parent":0,"menu_order":0,"comment_status":"closed","ping_status":"closed","template":"","meta":{"footnotes":""},"_links":{"self":[{"href":"https:\/\/www.thtbiopro.com\/index.php?rest_route=\/wp\/v2\/pages\/160"}],"collection":[{"href":"https:\/\/www.thtbiopro.com\/index.php?rest_route=\/wp\/v2\/pages"}],"about":[{"href":"https:\/\/www.thtbiopro.com\/index.php?rest_route=\/wp\/v2\/types\/page"}],"author":[{"embeddable":true,"href":"https:\/\/www.thtbiopro.com\/index.php?rest_route=\/wp\/v2\/users\/3"}],"replies":[{"embeddable":true,"href":"https:\/\/www.thtbiopro.com\/index.php?rest_route=%2Fwp%2Fv2%2Fcomments&post=160"}],"version-history":[{"count":3,"href":"https:\/\/www.thtbiopro.com\/index.php?rest_route=\/wp\/v2\/pages\/160\/revisions"}],"predecessor-version":[{"id":183,"href":"https:\/\/www.thtbiopro.com\/index.php?rest_route=\/wp\/v2\/pages\/160\/revisions\/183"}],"wp:attachment":[{"href":"https:\/\/www.thtbiopro.com\/index.php?rest_route=%2Fwp%2Fv2%2Fmedia&parent=160"}],"curies":[{"name":"wp","href":"https:\/\/api.w.org\/{rel}","templated":true}]}}